{"id":308,"date":"2024-01-18T15:37:49","date_gmt":"2024-01-18T14:37:49","guid":{"rendered":"https:\/\/api5962.fr\/?page_id=308"},"modified":"2024-01-19T16:19:18","modified_gmt":"2024-01-19T15:19:18","slug":"projets-sejour-pro-echange-et-formations-a-letranger","status":"publish","type":"page","link":"https:\/\/api5962.fr\/index.php\/projets-sejour-pro-echange-et-formations-a-letranger\/","title":{"rendered":"Projets s\u00e9jours professionnels : \u00e9changes et formations \u00e0 l&#8217;\u00e9tranger"},"content":{"rendered":"<h2><strong><img loading=\"lazy\" decoding=\"async\" class=\"size-full wp-image-480 aligncenter\" src=\"http:\/\/api5962.fr\/wp-content\/uploads\/2024\/01\/mobilites-enseignants.jpg\" alt=\"\" width=\"300\" height=\"150\" \/><\/strong><\/h2>\n<h2><strong>Les inscriptions sont prolong\u00e9es jusqu&#8217;au 31 janvier 2024<\/strong> (minuit heure de Paris)<\/h2>\n<p>Les stages de perfectionnement linguistique, p\u00e9dagogique et culturel s\u2019adressent aux enseignants fran\u00e7ais de langues vivantes et des disciplines non-linguistiques. Ces stages vous permettront d\u2019enrichir vos pratiques p\u00e9dagogiques, didactiques, culturelles et scientifiques tout en renfor\u00e7ant vos comp\u00e9tences linguistiques.<br \/>\nVous trouverez sur ces pages toutes les informations relatives aux stages.<\/p>\n<h2>S\u00e9jours professionnels en Allemagne, Autriche, Espagne, Irlande, Italie, Portugal et Royaume-Uni pour les enseignants du second degr\u00e9 de l\u2019enseignement public<\/h2>\n<table>\n<tbody>\n<tr>\n<td class=\"first-item\" colspan=\"2\">Dates limites<\/td>\n<\/tr>\n<tr>\n<td class=\"first-item\">18 octobre 2023<\/td>\n<td>Ouverture des inscriptions en ligne<\/p>\n<p><a title=\"France \u00e9ducation international\" href=\"https:\/\/www.france-education-international.fr\/partir-letranger\/sejours-professionnels-pour-les-enseignants-francais\" target=\"_blank\" rel=\"noopener\">S\u00e9jours professionnels pour les enseignants fran\u00e7ais | France Education international (france-education-international.fr)<\/a><\/td>\n<\/tr>\n<tr>\n<td class=\"first-item\">17 mai 2024<\/td>\n<td>Date limite des inscriptions en ligne<\/td>\n<\/tr>\n<tr>\n<td class=\"first-item\">27 mai 2024<\/td>\n<td>Transmission de l\u2019original du dossier par le candidat au chef d\u2019\u00e9tablissement puis transmission \u00e0 l\u2019IA-IPR ou IEN ET-EG-IO et transmission par ce dernier \u00e0 la Dareic du rectorat.<\/td>\n<\/tr>\n<tr>\n<td class=\"first-item\">7 juin 2024<\/td>\n<td>Transmission par la Dareic des dossiers originaux de candidature comportant les avis hi\u00e9rarchiques par voie postale \u00e0 FEI.<\/td>\n<\/tr>\n<tr>\n<td class=\"first-item\" colspan=\"2\"><strong>Informations compl\u00e9mentaires\u00a0:<\/strong><\/p>\n<ul>\n<li>Un candidat ne peut b\u00e9n\u00e9ficier d\u2019un s\u00e9jour que tous les 3\u00a0ans.<\/li>\n<li>En cas de d\u00e9sistement, adresser un courriel \u00e0 l\u2019adresse suivante\u00a0:\u00a0<a href=\"mailto:sejours-professionnels@france-education-international.fr\">sejours-professionnels@france-education-international.fr<\/a><\/li>\n<\/ul>\n<\/td>\n<\/tr>\n<\/tbody>\n<\/table>\n<p><strong>Dur\u00e9e\u00a0<\/strong>: deux semaines cons\u00e9cutives.<\/p>\n<p><strong>Public concern\u00e9<\/strong>\u00a0: enseignants du second degr\u00e9 de l\u2019enseignement public, titulaires de leur poste.<\/p>\n<p><strong>Descriptif\u00a0<\/strong>:\u00a0<a title=\"Eduscol\" href=\"https:\/\/eduscol.education.fr\/1242\/sejours-professionnels-d-enseignants-francais-en-allemagne-autriche-espagne-irlande-italie-portugal-et-royaume-uni-et-accueil-d-enseignants-europeens\" target=\"_blank\" rel=\"noopener\">https:\/\/eduscol.education.fr\/1242\/sejours-professionnels-d-enseignants-francais-en-allemagne-autriche-espagne-irlande-italie-portugal-et-royaume-uni-et-accueil-d-enseignants-europeens<\/a><\/p>\n<p><strong>Op\u00e9rateur\u00a0<\/strong>: France \u00e9ducation international (FEI) 1, avenue L\u00e9on-Journault 92318 S\u00e8vres cedex, t\u00e9l\u00e9phone\u00a0: 01 45 07 60 00<\/p>\n<p>&nbsp;<\/p>\n<h2><strong>Accueil de professeurs europ\u00e9ens dans un \u00e9tablissement public du second degr\u00e9<\/strong><\/h2>\n<p><strong>Dur\u00e9e\u00a0<\/strong>: deux semaines cons\u00e9cutives.<\/p>\n<p><strong>Public concern\u00e9<\/strong>\u00a0: enseignants issus des pays partenaires (Allemagne, Autriche, Espagne, Irlande, Portugal et Royaume-Uni).<\/p>\n<h4><strong>Descriptif\u00a0<\/strong>:<\/h4>\n<h4><a title=\"Eduscol\" href=\"https:\/\/eduscol.education.fr\/1242\/sejours-professionnels-d-enseignants-francais-en-allemagne-autriche-espagne-irlande-italie-portugal-et-royaume-uni-et-accueil-d-enseignants-europeens\" target=\"_blank\" rel=\"noopener\">https:\/\/eduscol.education.fr\/1242\/sejours-professionnels-d-enseignants-francais-en-allemagne-autriche-espagne-irlande-italie-portugal-et-royaume-uni-et-accueil-d-enseignants-europeens<\/a><\/h4>\n<h4><strong>Op\u00e9rateur\u00a0<\/strong>: France \u00e9ducation international (FEI) 1, avenue L\u00e9on-Journault 92318 S\u00e8vres cedex, t\u00e9l\u00e9phone\u00a0: 01 45 07 60 00<\/h4>\n<div class=\"viewport\">\n<div class=\"overview\">\n<table>\n<tbody>\n<tr>\n<td class=\"first-item\" colspan=\"2\">Dates limites<\/td>\n<\/tr>\n<tr>\n<td class=\"first-item\">18 octobre 2023<\/td>\n<td>Ouverture des inscriptions en ligne\u00a0:<\/p>\n<p><a title=\"France \u00e9ducation international\" href=\"https:\/\/www.france-education-international.fr\/venir-en-france\/sejours-professionnels-pour-les-enseignants-europeens?langue=fr\" target=\"_blank\" rel=\"noopener\">S\u00e9jours professionnels pour les enseignants europ\u00e9ens | France Education international (france-education-international.fr)<\/a><\/td>\n<\/tr>\n<tr>\n<td class=\"first-item\">7 juin 2024<\/td>\n<td>Date limite des inscriptions en ligne.<\/td>\n<\/tr>\n<tr>\n<td class=\"first-item\">14 juin 2024<\/td>\n<td>Transmission des dossiers originaux de candidature \u00e0 FEI, avec copie \u00e0 la Dareic.<\/td>\n<\/tr>\n<\/tbody>\n<\/table>\n<\/div>\n<\/div>\n<h4 id=\"edugouv-summary-item-4\">Stages de perfectionnement linguistique, p\u00e9dagogique et culturel pour les enseignants du premier degr\u00e9 et du second degr\u00e9 en allemand, anglais, espagnol, chinois, italien et portugais<\/h4>\n<h4 id=\"langues-concernees\">Langues concern\u00e9es. Premier degr\u00e9.<\/h4>\n<h4>Pour l\u2019ann\u00e9e 2024 : anglais, allemand et italien<br \/>\nVoir le fichier pdf\u00a0 : https:\/\/www.france-education-international.fr\/document\/italien1er-degre<\/h4>\n","protected":false},"excerpt":{"rendered":"<p>Les inscriptions sont prolong\u00e9es jusqu&#8217;au 31 janvier 2024 (minuit heure de Paris) Les stages de perfectionnement linguistique, p\u00e9dagogique et culturel<\/p>\n","protected":false},"author":2,"featured_media":0,"parent":0,"menu_order":0,"comment_status":"closed","ping_status":"closed","template":"","meta":{"colormag_page_container_layout":"default_layout","colormag_page_sidebar_layout":"default_layout","footnotes":""},"class_list":["post-308","page","type-page","status-publish","hentry"],"_links":{"self":[{"href":"https:\/\/api5962.fr\/index.php\/wp-json\/wp\/v2\/pages\/308","targetHints":{"allow":["GET"]}}],"collection":[{"href":"https:\/\/api5962.fr\/index.php\/wp-json\/wp\/v2\/pages"}],"about":[{"href":"https:\/\/api5962.fr\/index.php\/wp-json\/wp\/v2\/types\/page"}],"author":[{"embeddable":true,"href":"https:\/\/api5962.fr\/index.php\/wp-json\/wp\/v2\/users\/2"}],"replies":[{"embeddable":true,"href":"https:\/\/api5962.fr\/index.php\/wp-json\/wp\/v2\/comments?post=308"}],"version-history":[{"count":7,"href":"https:\/\/api5962.fr\/index.php\/wp-json\/wp\/v2\/pages\/308\/revisions"}],"predecessor-version":[{"id":481,"href":"https:\/\/api5962.fr\/index.php\/wp-json\/wp\/v2\/pages\/308\/revisions\/481"}],"wp:attachment":[{"href":"https:\/\/api5962.fr\/index.php\/wp-json\/wp\/v2\/media?parent=308"}],"curies":[{"name":"wp","href":"https:\/\/api.w.org\/{rel}","templated":true}]}}