{"id":69,"date":"2024-01-17T18:44:16","date_gmt":"2024-01-17T17:44:16","guid":{"rendered":"https:\/\/api5962.fr\/?page_id=69"},"modified":"2024-01-28T21:37:59","modified_gmt":"2024-01-28T20:37:59","slug":"documents","status":"publish","type":"page","link":"https:\/\/api5962.fr\/index.php\/documents\/","title":{"rendered":"Continuit\u00e9 p\u00e9dagogique : les cahiers de soutien de l&#8217;acad\u00e9mie"},"content":{"rendered":"<p>&nbsp;<\/p>\n<h5><img loading=\"lazy\" decoding=\"async\" class=\"aligncenter\" src=\"https:\/\/cdn.pixabay.com\/photo\/2023\/11\/29\/05\/06\/elephant-8418720_1280.jpg\" alt=\"Elefante, Pinguino, Alfabeto, Imparare\" width=\"465\" height=\"263\"><\/h5>\n<h5 style=\"text-align: center;\"><span style=\"color: #ff0000;\"><em>Consultez et t\u00e9l\u00e9chargez les cahiers de soutien de l&#8217;acad\u00e9mie<\/em><\/span><\/h5>\n<h4 style=\"text-align: center;\"><strong>Italien<\/strong><\/h4>\n<p style=\"text-align: center;\"><a href=\"https:\/\/eduline.ac-lille.fr\/nuxeo\/site\/pshare\/f964efbb3e44e6054b9d806dd766260b\" target=\"_blank\" rel=\"noopener\">Classe de 6e<\/a><\/p>\n<p style=\"text-align: center;\"><a href=\"https:\/\/eduline.ac-lille.fr\/nuxeo\/site\/pshare\/ee6a8da6aba4f6cf6fcedbd1d53a5547\" target=\"_blank\" rel=\"noopener\">Classe de 5e<\/a><\/p>\n<p style=\"text-align: center;\"><a href=\"https:\/\/eduline.ac-lille.fr\/nuxeo\/site\/pshare\/89194147573bbc46b26a75d8b93b05d7\" target=\"_blank\" rel=\"noopener\">Classe de 4e<\/a><\/p>\n<p style=\"text-align: center;\"><a href=\"https:\/\/eduline.ac-lille.fr\/nuxeo\/site\/pshare\/6b2dbe84c86b71f9532ab176bc164e59\" target=\"_blank\" rel=\"noopener\">Classe de 2de<\/a><\/p>\n<p><img loading=\"lazy\" decoding=\"async\" class=\"aligncenter\" src=\"https:\/\/cdn.pixabay.com\/photo\/2023\/11\/27\/06\/48\/alphabet-8414769_1280.jpg\" alt=\"Alfabeto, Iguana, Imparare, Libri\" width=\"429\" height=\"243\"><\/p>\n","protected":false},"excerpt":{"rendered":"<p>&nbsp; Consultez et t\u00e9l\u00e9chargez les cahiers de soutien de l&#8217;acad\u00e9mie Italien Classe de 6e Classe de 5e Classe de 4e<\/p>\n","protected":false},"author":1,"featured_media":0,"parent":0,"menu_order":0,"comment_status":"closed","ping_status":"closed","template":"","meta":{"colormag_page_container_layout":"default_layout","colormag_page_sidebar_layout":"default_layout","footnotes":""},"class_list":["post-69","page","type-page","status-publish","hentry"],"_links":{"self":[{"href":"https:\/\/api5962.fr\/index.php\/wp-json\/wp\/v2\/pages\/69","targetHints":{"allow":["GET"]}}],"collection":[{"href":"https:\/\/api5962.fr\/index.php\/wp-json\/wp\/v2\/pages"}],"about":[{"href":"https:\/\/api5962.fr\/index.php\/wp-json\/wp\/v2\/types\/page"}],"author":[{"embeddable":true,"href":"https:\/\/api5962.fr\/index.php\/wp-json\/wp\/v2\/users\/1"}],"replies":[{"embeddable":true,"href":"https:\/\/api5962.fr\/index.php\/wp-json\/wp\/v2\/comments?post=69"}],"version-history":[{"count":6,"href":"https:\/\/api5962.fr\/index.php\/wp-json\/wp\/v2\/pages\/69\/revisions"}],"predecessor-version":[{"id":1004,"href":"https:\/\/api5962.fr\/index.php\/wp-json\/wp\/v2\/pages\/69\/revisions\/1004"}],"wp:attachment":[{"href":"https:\/\/api5962.fr\/index.php\/wp-json\/wp\/v2\/media?parent=69"}],"curies":[{"name":"wp","href":"https:\/\/api.w.org\/{rel}","templated":true}]}}